96 + 66164. List the prime factors of m.
2, 3, 5, 31
Suppose 29*m - 23*m - 834 = 0. Let a = m + -136. Suppose -3*z - 5*u = -339, 0 = u - a + 6. What are the prime factors of z?
2, 59
Suppose -4*q + 78 = 54. Let f be ((-24)/30)/(q/45). Let i(u) = -u**3 - 2*u**2 - u - 18. List the prime factors of i(f).
2, 3, 11
Let p = -7722 - -16083. List the prime factors of p.
3, 929
Let q(w) = -5*w + 493 - 990 + 497 - 4*w. Let y be (-2)/(-6) + 68/(-6). What are the prime factors of q(y)?
3, 11
Let s = 22065 + -10451. List the prime factors of s.
2, 5807
Let o(w) = 4*w**2 + 9*w - 5. Let u(a) = 2*a**2 + 2*a + 1. Let l(z) = o(z) + 2*u(z). What are the prime factors of l(-8)?
3, 5
Let f(j) = -23 - 20 + 41 - 44*j. What are the prime factors of f(-4)?
2, 3, 29
Let g be -749 - (-3)/(-1)*-2. What are the prime factors of g/(-3)*(-9 + 4 - -8)?
743
Suppose -1309 = -5*q - 514. Let s = q - 61. What are the prime factors of (s/(-21))/(-2 + 184/93)?
7, 31
Suppose 155 = -q + 6*q. Let j = 31 - q. Suppose -3*w + 0*g - 2*g + 43 = j, -w + 2*g = -17. List the prime factors of w.
3, 5
Suppose 0 = 4*v + u + 446, -312 - 11 = 3*v - 5*u. Let c = -87 - v. List the prime factors of c.
2, 3
Let v = -41344 + 62739. What are the prime factors of v?
5, 11, 389
Let d(v) be the third derivative of 0*v + 3/10*v**5 - 1/120*v**6 - 5/8*v**4 + 1/3*v**3 + 0 + 5*v**2. List the prime factors of d(17).
2, 3
Suppose 5*g + 4*b + 65954 + 434086 = 0, 0 = -4*g + b - 400032. What are the prime factors of 2/14 - (g/56 + -1)?
1787
Suppose -4*o + 6*m = 2*m - 292, 4*m - 383 = -5*o. Let j be 25/o - 34/(-6). Suppose x - 83 = -2*p, -2*x - j*p + 164 = -p. List the prime factors of x.
3, 29
Let f(j) = -16*j - 5. Let n be f(-6). Suppose 19*m - 260 = -a + 20*m, a = -m + 248. Let w = a - n. What are the prime factors of w?
163
Let u be 16/(-16)*(2 + -1 + -1). Suppose 6 + 10 = -4*q, -5*p + 3*q + 1072 = u. List the prime factors of p.
2, 53
Let f be 1 - (-3)/(-15) - 6/(-30). Let q(l) = 2*l**2 - l. Let r be q(1). What are the prime factors of 9 + 6 + f/(0 + r)?
2
Let n(p) = -6*p + 9. Let x be n(2). Let z be 1 - (369/x)/(-3). Let l = 49 + z. What are the prime factors of l?
3
Let j be 1*26/(-22) - 16/(-88). List the prime factors of (-24)/(-42) - (j - (-9921)/(-21)).
2, 3, 79
Let u be 40/(-6)*(-219)/292. Suppose u*d + 6*j - 746 = 7*j, -592 = -4*d - 4*j. List the prime factors of d.
149
Suppose 2*b + 3068 = m, 0 = -3*b - 2*m - 2041 - 2561. Let w = -910 - b. What are the prime factors of w?
2, 3, 13
Suppose -3*w - 13 + 4 = 0. Let y be 9/((-54)/(-20))*w/(-2). What are the prime factors of 1/y + (-558)/(-10)?
2, 7
Let b = -83171 + 148773. List the prime factors of b.
2, 32801
Let w = 957 + -572. Suppose 7*a + w = 3017. List the prime factors of a.
2, 47
Let z = 775 - -1576. What are the prime factors of z?
2351
List the prime factors of (10/(-8))/(198/(-180576)).
2, 3, 5, 19
Let u = -959 + 15032. What are the prime factors of u?
3, 4691
Let z(h) = h**3 + 17*h**2 + 18*h + 34. Let v be z(-16). Suppose 3*m = -4*d - v*m + 2840, 0 = -5*m - 20. What are the prime factors of d?
5, 11, 13
Let l = 607 + -603. Let i(t) = t**2 + 2*t + 11. Let j(x) = -x**3 + 2*x**2 + 3*x + 12. Let z(w) = 3*i(w) - 2*j(w). List the prime factors of z(l).
11
Let n be (-4 + 45/10)*(-1 + 1). Let u(y) = 2*y + 168. Let a be u(n). Let s = a - 64. What are the prime factors of s?
2, 13
Let d(m) = 3*m - 3. Let t be d(3). Let w(k) be the third derivative of k**5/15 - 7*k**4/24 + 2*k**3/3 + 1479*k**2. List the prime factors of w(t).
2, 53
Let p(j) = -3*j**2 - 23*j + 14. Let b be p(-8). Suppose -b*h - 1068 = -12*h. List the prime factors of h.
2, 89
Suppose 31*w - 115 = 30*w. Let v = -185 + 91. Let r = w + v. List the prime factors of r.
3, 7
Let t(n) = n**3 + 49. Let k be t(0). Let a = -25 + k. Suppose a = -12*q + 14*q. List the prime factors of q.
2, 3
Suppose -2*t = -0*t - 238. Let a = 1 + t. What are the prime factors of 194/10 - 48/a?
19
Let u = -1393 - -4877. What are the prime factors of u?
2, 13, 67
Let r = -31 - -38. Let a = r + -4. Suppose 3*d + 0*d = 2*s - 385, a = d. What are the prime factors of s?
197
Let q = 542 + -544. What are the prime factors of (13/((-130)/45))/(q/348)?
3, 29
Suppose -4*a - 3*k = -281560, 265*k - 20 = 270*k. What are the prime factors of a?
70393
Let f(m) = 6*m**2 - 10*m - 7. Let l(z) = -7*z**2 + 12*z + 7. Let p(u) = 3*f(u) + 2*l(u). What are the prime factors of p(4)?
3, 11
Let m(i) = i + 4. Let q = -146 + 150. Let f be m(q). Suppose -10*z = -f*z - 238. What are the prime factors of z?
7, 17
Let a be -39*2/(-6) - 3. Suppose -5*w + 2*q = -2*q - 1038, 5*q + a = 0. Suppose -7*t + w = -5*t. List the prime factors of t.
103
Let o(n) = 1247*n**2 - 614*n + 2447. List the prime factors of o(4).
7, 11, 37
Let s(n) = -n**3 + 11*n**2 - 21*n - 4. Let j be s(8). Suppose j*l - 19*l = 11. Let q(z) = z**2 - 5*z + 1. What are the prime factors of q(l)?
67
Let c be (-2 - (-72)/16) + 2/4. Suppose -945 = -3*u + 4*z + 317, c*u - 5*z - 1267 = 0. List the prime factors of u.
2, 3, 23
Let b be -3*(6/9 + -3). Let y = 104 + b. Suppose 0 = -2*d + y + 41. What are the prime factors of d?
2, 19
Suppose -2*k - 139 = 3*w, -17*k + 144 = -19*k - 2*w. Let v = 1 - k. List the prime factors of v.
2, 3, 13
Suppose -209250 = -265*j + 215*j. List the prime factors of j.
3, 5, 31
Let j = -6869 - -14305. Suppose -5*s = -4*d - j, 2*s - 5*d = s + 1504. What are the prime factors of s?
2, 7, 53
Let y(q) = 1175*q**3 - 4*q**2 + 7*q + 6. Let s(l) = -1763*l**3 + 6*l**2 - 10*l - 9. Let j(i) = 5*s(i) + 7*y(i). List the prime factors of j(-1).
2, 5, 59
Let q be (-12)/9 + (-760)/(-30). Let l(x) = -2*x**2 + 75*x + 49. List the prime factors of l(q).
17, 41
Let v(y) = 14*y - 15. Let l be v(9). Suppose 0 = 40*j - 35*j - 395. Let s = l - j. List the prime factors of s.
2
Let k = 33 + 45. Let x = k + -78. List the prime factors of (11/2 - x)/((-14)/(-308)).
11
List the prime factors of 14/(-10) + (-3)/((-180)/748344).
3, 4157
Let w(n) = -n**2 - 2*n + 21. Let r be w(-7). List the prime factors of r/42 + (-610)/(-3).
7, 29
Let w be ((-2117)/58)/(1/2). Let g = 85 + w. Let m(h) = 18*h + 48. List the prime factors of m(g).
2, 3, 11
Let x(k) = -k + k**2 + 4*k - 6 + 4*k - 11. Suppose 40 = -4*i + 3*q, -2*i + 2*q - 4 = 14. What are the prime factors of x(i)?
61
Suppose 5*f - 735 = -3*n, 0*f - 4*n - 588 = -4*f. Suppose -2*g + 1558 = 4*p, -5*g + f = p - 247. What are the prime factors of p?
389
Let j be 113 - ((-25)/1)/5. Let r = 282 + j. What are the prime factors of r?
2, 5
Let r(m) = 55*m**2 + 108*m + 1121. What are the prime factors of r(-9)?
2, 1151
Let s be (2 + -3 + -2)*2. List the prime factors of (5 + s + -1)*-267.
2, 3, 89
Let v be (5 + -4 - 2)/((-2)/5320). Suppose n - m - 540 = -0*n, 0 = -5*n - 3*m + v. List the prime factors of n.
5, 107
Suppose -3 = 3*h - 6, -5*j = -2*h - 58. What are the prime factors of (-2478)/(-252) - (-2)/j?
2, 5
Suppose 2*g = 654 + 254. Suppose 14 = a + 2*c, -13 = -2*a - 2*c + 5. List the prime factors of (g/a)/(1/2) + -2.
3, 5
Suppose -544285 = -94*c + 174815. List the prime factors of c.
2, 3, 5, 17
Let f(g) = g - 8*g + g**3 + 872 - 1768 + 885. What are the prime factors of f(7)?
283
Suppose -7*w + 3 = 3. Suppose 57*a - 60*a + 288 = w. List the prime factors of a.
2, 3
Let f be -7*((-30)/56 + 2/8). Suppose -7*d - f*t = -2*d + 1393, -3*t = -3. Let v = d - -398. List the prime factors of v.
7, 17
Let h(b) = -b**2 - b + 18. Let f(v) = -v**2 - v + 24. Let r be f(5). Let p be h(r). List the prime factors of 92 - (-4)/p*15.
3, 29
Let p(h) = 44*h - 139. Let q be p(-5). Let z be (-1398)/8 - (-2)/(-8). Let f = z - q. What are the prime factors of f?
2, 23
Suppose -10*a + 9960 = -30*a. Let j = 25 - 10. List the prime factors of a/j*(-25)/10.
83
Let n = 1311 - 825. Suppose 0 = -q + 5*k + 178, 3*q - 3*k + 0*k - n = 0. What are the prime factors of q - (-8)/4 - (-1 + 0)?
7, 23
Let l = -160 - -140. What are the prime factors of (-32 - 2)*190/l?
17, 19
Let y(b) = -8*b + 26. Let o be y(3). Let g be (4/o + 1)/((-6)/1724). What are the prime factors of (-2 - g)/4 - 6/2?
2, 53
Let y be (1833/(-65))/((-3)/(-15)). Let k = y + 482. What are the prime factors of k?
11, 31
Suppose 311*w - 293*w = 198540. What are the prime factors of w?
2, 5, 1103
Let q(p) = 41*p**2 + 28*p + 